.
2
Let k(m) = -2*m**3 - 5*m**2 - m - 3. What is k(-4)?
49
Let y(w) = w**2 - 31. Calculate y(0).
-31
Let a(c) = -15*c + 68. What is a(5)?
-7
Let q(a) = -a**2 + 9*a - 17. What is q(8)?
-9
Let b(w) = -5*w**2 - w. What is b(-1)?
-4
Let l(n) = -n**3 - 9*n**2 - 5*n - 11. Determine l(-9).
34
Let l(u) = -u**3 + 9*u**2 + 8*u - 2. Calculate l(10).
-22
Let u(k) = -k**3 + 7*k**2 + 17*k + 16. Give u(9).
7
Let x(g) = -2*g**3 + 61*g**2 - 30*g. What is x(30)?
0
Let w(q) = -57*q + 567. Give w(10).
-3
Let b(t) = -t**2 + 92. What is b(10)?
-8
Let b(n) = 2*n + 11. Give b(-2).
7
Let w(o) = o**2 - 4*o - 12. Determine w(-5).
33
Let h(a) = 3*a**2 + 9*a - 31. Give h(3).
23
Let a(b) = 8*b**3 + 49*b**2 + 9*b + 16. Determine a(-6).
-2
Let y(z) = z**3 + 2*z**2 - z + 1. Calculate y(4).
93
Let p(f) = f**3 + 6*f**2 - 3*f - 1. Give p(-6).
17
Let v(j) = -12*j - 2. What is v(-1)?
10
Let m(a) = 2*a - 12. Give m(7).
2
Let g(s) = 2*s**2 - 1. Determine g(1).
1
Let j(o) = 6*o**3 - o**2 + 2. Determine j(1).
7
Let w(o) = -5*o**2 + 3*o - 2. Give w(1).
-4
Let x(d) = -d**2 + d + 103. Calculate x(11).
-7
Let a(v) = v**3 + 4*v**2 - 6*v - 7. Determine a(-5).
-2
Let i(j) = 12*j - 163. Give i(13).
-7
Let p(d) = d**2 - 41. Give p(11).
80
Let z(m) = 5*m - 2. Determine z(-4).
-22
Let n(l) = l**2 + 5*l. What is n(5)?
50
Let j(r) = 6*r**2 - 7*r + 5. What is j(4)?
73
Let h(r) = r - 12. Calculate h(5).
-7
Let d(m) = 5*m + 84. Calculate d(-18).
-6
Let o(n) = -2*n**2 + 42*n + 71. Determine o(23).
-21
Let t(u) = 3*u + 19. Give t(-6).
1
Let h(c) = c**2 - 13*c + 31. Calculate h(10).
1
Let f(n) = -n**2 + 13*n + 3. Calculate f(13).
3
Let d(o) = 2*o + 69. Determine d(-29).
11
Let m(b) = 30*b - 205. Give m(7).
5
Let a(d) = d - 1. Calculate a(7).
6
Let n(l) = 11*l + 57. Give n(-5).
2
Let n(m) = -22*m + 301. Give n(14).
-7
Let s(f) = -f**2 - 19*f + 46. What is s(2)?
4
Let u(d) = 4*d**3 + d**2 + d - 1. Give u(1).
5
Let q(s) = 6*s**3 - 5*s**2 + 4*s. Give q(1).
5
Let w(u) = -19*u**2 + 3*u + 2. What is w(-1)?
-20
Let g(k) = 2*k**2 - 5*k - 8. Determine g(5).
17
Let u(c) = 14*c + 17. What is u(5)?
87
Let o(v) = v + 2. Calculate o(4).
6
Let v(b) = 43*b + 18. Give v(-2).
-68
Let s(p) = -6*p + 2. Determine s(2).
-10
Let f(p) = p**3 - 2*p**2 - 19*p - 32. What is f(6)?
-2
Let i(k) = -k**2 - k - 3. Determine i(-4).
-15
Let m(u) = 3*u - 26. Determine m(8).
-2
Let y(s) = 2*s**3 - 129*s**2 + 190*s - 62. Calculate y(63).
1
Let x(p) = 2*p - 32. Determine x(15).
-2
Let o(w) = -3*w**2 + 17*w + 3. Determine o(6).
-3
Let v(w) = -12*w + 51. Calculate v(9).
-57
Let m(x) = -x**3 - 4*x**2 + 2*x + 6. What is m(-4)?
-2
Let o(q) = q**2 + 24*q - 31. Determine o(-25).
-6
Let u(p) = -p**3 - 11*p**2 - 17*p + 10. Determine u(-9).
1
Let s(r) = r**3 - r**2 - 2*r. Give s(3).
12
Let p(h) = h**3 + 5*h**2 + 5*h. Give p(-5).
-25
Let y(r) = 3*r - 18. Calculate y(8).
6
Let x(g) = g**2 - 14*g - 1. What is x(6)?
-49
Let r(v) = -v**2 + 9*v + 26. Calculate r(11).
4
Let p(q) = -q**2 - 8*q + 14. Calculate p(-10).
-6
Let b(z) = 3*z + 96. Determine b(-32).
0
Let z(u) = -u**3 - 9*u**2 + 4*u - 10. Give z(-9).
-46
Let z(j) = j**3 + 6*j**2 + 3*j + 8. Determine z(-8).
-144
Let h(l) = -6*l**2 - 2*l. Calculate h(1).
-8
Let j(k) = k**3 + 13*k**2 - 4. Determine j(-13).
-4
Let n(h) = h**2 + 16*h + 15. Give n(-6).
-45
Let o(u) = -13*u**3 + 2*u + 1. Calculate o(-1).
12
Let r(a) = -11*a**2 + 18*a - 6. What is r(3)?
-51
Let b(m) = -m**3 + 9*m**2 - 7*m + 5. Determine b(6).
71
Let x(k) = 2*k**3 - k**2 - 1. What is x(1)?
0
Let t(y) = -y**3 + 9*y**2 - 2*y - 1. What is t(9)?
-19
Let w(p) = 2*p**2 + 6*p + 5. Determine w(-4).
13
Let f(j) = j**3 - 8*j**2 + 9*j - 5. Give f(7).
9
Let d(b) = b**2 - 23*b. Calculate d(20).
-60
Let x(w) = -w**2 - 39*w - 193. Determine x(-6).
5
Let t(p) = 4*p - 18. Calculate t(7).
10
Let n(q) = 2*q - 2. Calculate n(2).
2
Let s(m) = m**2 + 9*m - 19. Calculate s(-14).
51
Let l(d) = d**3 - 15*d**2 - 19*d + 10. Determine l(16).
-38
Let n(z) = -z**2 + 12*z + 2. Calculate n(11).
13
Let q(k) = k**2 - 3*k + 9. What is q(7)?
37
Let s(j) = -2*j + 12. Give s(2).
8
Let f(i) = -i**3 - 2*i**2 + 4*i + 4. What is f(-3)?
1
Let x(z) = -8*z + 2. Determine x(2).
-14
Let g(o) = -o**2 + 6*o + 1. Determine g(2).
9
Let i(z) = 9*z**3 + 2*z**2 + z. What is i(2)?
82
Let l(f) = 19*f + 916. Calculate l(-48).
4
Let d(n) = 2*n**2 + 26*n - 2. What is d(-13)?
-2
Let q(n) = 3*n - 83. Calculate q(31).
10
Let h(m) = m**3 + 3*m**2 + 4*m + 7. What is h(-2)?
3
Let a(b) = -12*b**2 + 5*b. Determine a(2).
-38
Let f(p) = 14*p - 3. Determine f(1).
11
Let k(n) = 83*n**2 - 2*n + 1. What is k(1)?
82
Let c(j) = -j**3 - 2*j**2 + 4*j + 1. Give c(-4).
17
Let j(v) = -4*v**3 + v**2 + 2*v + 3. What is j(-2)?
35
Let a(o) = -o**2 - 11*o - 4. Determine a(-11).
-4
Let w(q) = q**2 - 7*q - 9. Determine w(7).
-9
Let u(d) = d**3 + 20*d**2 - 4. Determine u(-20).
-4
Let x(d) = 2*d**2 - 5*d + 2. What is x(-4)?
54
Let l(d) = -2*d - 8. Give l(-6).
4
Let o(k) = -3*k + 46. What is o(-12)?
82
Let q(f) = -2*f**3 + 18*f**2 - 13*f - 18. Determine q(8).
6
Let d(l) = 2*l**2 - 27*l + 21. Give d(13).
8
Let r(z) = z**3 + 9*z**2 + 9*z + 5. Give r(-8).
-3
Let p(g) = -g**2 - 10*g - 12. Determine p(-9).
-3
Let f(r) = -r + 14. Determine f(10).
4
Let d(n) = -n + 13. Calculate d(7).
6
Let l(h) = -h**2 + 6*h - 2. Calculate l(4).
6
Let q(j) = -j**2 + 8*j - 2. Give q(6).
10
Let o(l) = l**2 - 2*l - 1. What is o(3)?
2
Let x(b) = -b**3 + 13*b**2 - 35*b + 25. Calculate x(10).
-25
Let i(p) = -p**3 - 18*p**2 - 16*p - 10. Calculate i(-17).
-27
Let o(g) = 8*g**3 + g**2 - 3*g + 1. Determine o(1).
7
Let a(z) = -z**3 + 31*z**2 + 34*z - 61. Give a(32).
3
Let u(x) = 5*x**2 + 8*x - 1. Give u(-3).
20
Let y(o) = -o**2 + 11*o + 4. Calculate y(9).
22
Let t(o) = 3*o + 5. Determine t(6).
23
Let z(u) = -u**2 - 14*u - 35. What is z(-3)?
-2
Let l(z) = z**2 - 8*z + 15. Calculate l(6).
3
Let q(p) = -p**3 + 12*p**2 + 2*p - 19. Calculate q(12).
5
Let b(l) = l - 13. Determine b(7).
-6
Let z(r) = 5*r + 88. Calculate z(-22).
-22
Let g(x) = -x**3 + 9*x**2 - 8*x + 2. Give g(8).
2
Let t(o) = o**3 + 19*o**2 - 2*o - 13. Give t(-19).
25
Let n(w) = -64*w - 822. Give n(-13).
10
Let y(l) = l**2 - 17*l + 32. What is y(15)?
2
Let p(k) = -k**2 - 16*k + 52. Give p(-20).
-28
Let v(b) = -3*b + 20. Determine v(8).
-4
Let r(n) = n**2 - 5*n + 5. Calculate r(0).
5
Let g(w) = w + 4. Determine g(2).
6
Let y(x) = 4*x - 21. Determine y(6).
3
Let i(p) = -p**2 - 5*p + 9. What is i(-5)?
9
Let f(y) = y + 25. Give f(0).
25
Let o(g) = g**2 - 13*g - 10. What is o(13)?
-10
Let k(t) = t + 5. Give k(7).
12
Let d(p) = p**3 + 3*p**2 - 53*p + 3. What is d(-9)?
-6
Let n(p) = -5*p + 80. Calculate n(15).
5
Let w(u) = -u**2 - 8*u + 19. What is w(-10)?
-1
Let g(s) = s**3 + 9*s**2 + 9*s - 2. Calculate g(-7).
33
Let t(b) = -17*b + 316. Calculate t(19).
-7
Let j(y) = 4*y - 66. What is j(19)?
10
Let s(j) = j**2 + j + 30. Determine s(0).
30
Let n(y) = 3*y + 14. Determine n(0).
14
Let j(u) = 52*u + 1. Calculate j(-1).
-51
Let w(t) = 5*t**3 - 2*t**2 + 2*t - 1. Determine w(2).
35
Let k(z) = z**3 + z**2 - 10*z - 2. What is k(5)?
98
Let y(k) = -34*k**3 - k**2 + 5*k - 3. Give y(1).
-33
Let k(o) = 5*o - 19. Determine k(5).
6
Let p(v) = v**2 + 10*v + 11. Give p(-1).
2
Let y(x) = x**3 + 11*x**2 + 15*x + 39. Give y(-10).
-11
Let l(y) = -y**2 - 6*y - 16. Give l(-4).
-8
Let c(p) = -2*p - 63. What is c(-29)?
-5
Let l(u) = 39*u + 7. Determine l(-1).
-32
Let a(v) = -v**2 - 19*v + 4. Calculate a(-18).
22
Let h(r) = -r**3 + 6*r**2 - 4*r - 6. Determine h(6).
-30
Let u(o) = -5*o - 28. What is u(-7)?
7
Let r(l) = 45*l**2 - 10*l + 9. What is r(1)?
44
Let x(r) = -5*r - 1. Determine x(6).
-31
Let b(f) = 6*f**2 + 2*f - 11. Give b(3).
49
Let b(m) = 2*m**3 + 5*m**2 + 3*m - 3. Give b(-3).
-21
Let u(c) = 3*c - 26. Give u(12).
10
Let s(c) = -c**3 - 2*c**2 + 15*c + 8. Calculate s(-5).
8
Let v(c) = c**3 + 4*c**2 + 3*c. Calculate v(-4).
-12
Let d(q) = -q**3 + 10*q**2 - 11*q - 31. Calculate d(7).
39
Let b(z) = -z**3 + 16*z**2 + 20*z - 48. Calculate b(17).
3
Let z(w) = -4*w + 4. Calculate z(4).
-12
Let l(o) = -3*o - 5. What is l(-8)?
19
Let h(o) = -3*o - 17. Give h(-9).
10
Let w(u) = u**2 - 6*u + 19. What is w(4)?
11
Let m(y) = y + 10. Give m(-11).
-1
Let t(w) = -w**3 - w**2 - w + 8. What is t(3)?
-31
Let m(a) = a**3 + 36*a**2 - 41*a - 100. W